. Calculate m(13).
-253
Let z(y) = -2*y**3 - 150*y**2 + 164*y + 907. Calculate z(-76).
-5
Let g(v) = -5*v**3 + 245*v**2 - 9*v + 422. What is g(49)?
-19
Let i(t) = -6*t**2 - 23*t - 59. What is i(-4)?
-63
Let v(n) = -362*n + 3315. Determine v(9).
57
Let h(g) = -69*g + 388. Calculate h(6).
-26
Let i(y) = -y + 214. Determine i(41).
173
Let j(a) = 7*a**2 - 5*a + 156. Determine j(7).
464
Let k(h) = -9*h**3 - 596*h**2 - 109*h + 1529. What is k(-66)?
11
Let x(t) = 3*t**2 + 107*t + 604. Determine x(-26).
-150
Let q(s) = -s**3 + 38*s**2 - 77*s - 25. Give q(36).
-205
Let d(b) = -2*b**3 - 4*b**2 + 13*b - 25. Calculate d(-7).
374
Let g(l) = l**2 + 39*l + 304. Give g(-29).
14
Let c(t) = 3*t**3 + 15*t**2 + 155*t + 1042. What is c(-6)?
4
Let s(r) = r**3 + 27*r**2 - 19*r - 49. Give s(-28).
-301
Let d(q) = -q**3 + 16*q**2 - 41*q + 7. Calculate d(13).
-19
Let r(l) = 15*l**2 + 11*l + 10. Calculate r(-1).
14
Let r(v) = 770*v + 5365. Give r(-7).
-25
Let v(x) = x**2 + 1677*x + 24922. Calculate v(-15).
-8
Let b(y) = y**3 - 56*y**2 - 177*y - 14. Calculate b(59).
-14
Let q(g) = g**2 + 29*g - 873. Determine q(-48).
39
Let o(l) = 2*l**3 - 37*l**2 - 47*l - 12. Give o(20).
248
Let v(d) = 3*d**2 + 302*d - 97. Give v(-101).
4
Let a(g) = -17*g**2 - 14*g - 7. Give a(6).
-703
Let d(s) = -103*s + 59. Calculate d(0).
59
Let m(v) = v**3 + 10*v**2 + 7*v - 110. What is m(-9)?
-92
Let t(v) = v**3 - 36*v**2 - 89*v + 519. Calculate t(38).
25
Let u(k) = -10*k**2 - 187*k + 1. Calculate u(-19).
-56
Let l(s) = -s**3 - 13*s**2 - 26*s - 11. What is l(-7)?
-123
Let y(h) = -32*h - 1224. Calculate y(-38).
-8
Let i(f) = -3*f**2 + 272*f + 4519. Give i(105).
4
Let r(y) = -792*y + 7924. Calculate r(10).
4
Let w(t) = -35078*t - 245549. What is w(-7)?
-3
Let n(t) = 3*t**2 - 48*t + 85. Determine n(14).
1
Let t(k) = -2*k**3 - 24*k**2 + 29*k - 18. What is t(-13)?
-57
Let q(p) = p**2 - 6*p + 130. Determine q(0).
130
Let l(u) = -12*u**3 + 35*u + 35. Calculate l(-1).
12
Let i(z) = z**3 + 15*z**2 - 20*z - 10. What is i(-16)?
54
Let y(f) = 10*f + 1203. Determine y(-119).
13
Let h(c) = c**3 + 19*c**2 - 20*c - 36. Calculate h(-20).
-36
Let w(d) = d**3 + 24*d**2 + 140*d + 49. Determine w(-8).
-47
Let i(j) = -j**2 + 81*j - 364. Give i(5).
16
Let g(u) = -2*u**2 - 141*u - 341. What is g(-68)?
-1
Let s(f) = f**2 + 15*f - 647. Give s(-32).
-103
Let r(d) = 11*d + 924. Determine r(-81).
33
Let z(y) = 2*y**2 + 1064*y + 3181. Calculate z(-3).
7
Let v(k) = 2*k**2 - 126*k - 18208. Calculate v(-69).
8
Let k(b) = b - 125. Give k(19).
-106
Let d(z) = 2*z**2 + 62*z - 1614. Give d(17).
18
Let y(c) = -3*c**3 + 49*c**2 + 20*c - 171. Give y(16).
405
Let a(y) = -y**3 - 166*y**2 - 323*y + 11. Calculate a(-2).
1
Let m(t) = 110*t - 481. Determine m(4).
-41
Let c(j) = -8*j**2 + 34*j + 8. Give c(9).
-334
Let l(i) = -i**2 + 572*i - 6693. What is l(12)?
27
Let q(x) = -6*x**3 - 10*x**2 + 15*x + 2. Determine q(2).
-56
Let u(x) = -95*x - 668. Give u(-7).
-3
Let m(q) = -q**2 - 35*q - 101. Calculate m(-31).
23
Let v(y) = 15*y**3 + 11*y**2 - 23*y. Calculate v(2).
118
Let z(o) = 7*o**2 + o + 21. Determine z(5).
201
Let i(v) = -5*v**2 - v + 19. What is i(0)?
19
Let u(y) = -y**3 + 12*y**2 - 24*y + 120. Calculate u(11).
-23
Let q(d) = 2*d**2 + 183*d + 1230. Give q(-84).
-30
Let j(h) = h**2 + 32*h + 250. Give j(-18).
-2
Let z(m) = m**3 + 48*m**2 - 105*m - 264. What is z(-50)?
-14
Let r(t) = -101*t - 63. Give r(-1).
38
Let z(u) = 2*u**3 + 119*u**2 + 286*u - 8. Calculate z(-57).
-65
Let k(m) = -m**3 + 10*m**2 + 4*m + 65. Calculate k(10).
105
Let c(o) = o**2 + 101*o + 2199. Give c(-31).
29
Let d(h) = -h**3 - 123*h**2 - 254*h - 1451. What is d(-121)?
1
Let g(o) = -o**3 - 12*o**2 - 3*o + 4. Calculate g(-12).
40
Let f(x) = -2*x**3 + 115*x**2 - 171*x + 170. What is f(56)?
2
Let x(m) = -2*m**3 + 26*m**2 - 65*m + 17. What is x(7)?
150
Let h(i) = 12*i**3 - 1297*i**2 + 103*i + 548. Calculate h(108).
8
Let k(a) = -65*a + 3672. Give k(57).
-33
Let z(u) = -u**3 + 2*u**2 + 3*u - 9. Give z(2).
-3
Let o(g) = 4*g**2 + 24*g - 111. Calculate o(8).
337
Let g(t) = -t**2 + 13*t + 26. Give g(17).
-42
Let y(v) = 2*v + 127. Give y(-43).
41
Let c(k) = 108*k - 1260. Give c(11).
-72
Let a(k) = 4*k**2 - 555*k - 143. Calculate a(139).
-4
Let r(b) = 640*b + 2574. Determine r(-4).
14
Let p(f) = -40*f - 731. Give p(-18).
-11
Let c(q) = 71*q - 573. Calculate c(8).
-5
Let v(j) = 2*j**3 + 7*j**2 + 69*j + 114. Give v(-2).
-12
Let q(l) = l**3 - 4*l**2 + 6*l - 16. Calculate q(4).
8
Let w(k) = -373*k - 5977. What is w(-16)?
-9
Let x(q) = -19*q - 1239. Determine x(-63).
-42
Let n(h) = 42*h + 1165. What is n(-28)?
-11
Let o(r) = -1916*r - 49809. Determine o(-26).
7
Let k(z) = -34*z + 762. What is k(20)?
82
Let v(z) = -z**2 - 7*z + 899. Calculate v(-36).
-145
Let f(o) = 13*o**2 + 65*o + 182. Calculate f(-7).
364
Let c(y) = y**3 + 11*y**2 + 17*y - 29. What is c(-6)?
49
Let b(n) = -1716*n - 22313. Calculate b(-13).
-5
Let v(n) = -n**3 + n**2 - n - 422. Determine v(0).
-422
Let h(t) = 169*t - 655. Give h(4).
21
Let v(h) = -14*h**3 - 65*h**2 + 24*h - 5. Determine v(-5).
0
Let a(r) = 3*r**3 - 80*r**2 + 51*r + 23. Determine a(26).
-3
Let u(s) = 7*s + 432. Determine u(-60).
12
Let x(i) = -i**3 - 27*i**2 + 18*i - 111. Calculate x(-28).
169
Let a(k) = -k**3 + 6*k**2 + 41*k - 15. Calculate a(10).
-5
Let q(g) = g**3 - 70*g**2 + 65*g + 566. Calculate q(69).
290
Let s(j) = -j**3 + 5*j**2 + 426*j - 2890. What is s(7)?
-6
Let w(n) = n**2 + 2823*n - 17002. Calculate w(6).
-28
Let f(i) = i**3 + 11*i**2 + 4*i + 196. What is f(-12)?
4
Let f(w) = -17*w**3 - 2960*w**2 - 346*w + 361. What is f(-174)?
13
Let o(q) = -q**3 + 3*q**2 + 20*q - 32. What is o(4)?
32
Let j(l) = -l**2 - l + 169. What is j(12)?
13
Let y(i) = i**3 - 2*i**2 + 53*i - 772. Determine y(8).
36
Let a(c) = -59*c + 2004. Calculate a(33).
57
Let j(f) = f**2 - 11*f - 550. What is j(-21)?
122
Let b(c) = 29*c**3 - 7*c**2 + c - 1. Give b(0).
-1
Let u(s) = -3*s**2 - 69*s + 363. Calculate u(5).
-57
Let j(l) = 5*l**2 - 197*l + 783. What is j(35)?
13
Let q(g) = -2*g**3 + 8*g**2 - 18*g - 6. Calculate q(-4).
322
Let f(w) = -w**2 + 211*w - 1003. Determine f(5).
27
Let m(r) = 4*r**2 + 38*r - 44. Give m(-10).
-24
Let t(h) = -52*h - 638. What is t(-12)?
-14
Let y(v) = 122*v - 1387. Give y(11).
-45
Let u(t) = -4408*t + 57300. What is u(13)?
-4
Let w(h) = -h**3 - 34*h**2 + 148*h - 145. What is w(-38)?
7
Let g(n) = -1024*n - 8221. What is g(-8)?
-29
Let i(v) = 22462*v + 471696. What is i(-21)?
-6
Let w(x) = 24*x**3 - 8*x**2 - x - 2. Determine w(1).
13
Let u(l) = -34*l - 167. Give u(-4).
-31
Let a(k) = -278*k + 462. Determine a(2).
-94
Let f(p) = -4*p**3 + 426*p**2 - 213*p + 165. Calculate f(106).
59
Let f(w) = w**3 - 56*w**2 + 155*w + 204. Determine f(53).
-8
Let o(n) = 3*n**2 + 86*n - 27. Calculate o(-30).
93
Let m(w) = 2*w**2 - 14*w - 150. Determine m(13).
6
Let p(n) = -38*n**2 - 57*n + 5. Determine p(-3).
-166
Let c(b) = 5*b**3 + 6*b**2 - 5*b - 24. Calculate c(-2).
-30
Let v(j) = -j**2 + 35*j - 240. What is v(10)?
10
Let d(o) = 8*o**2 - 65. Give d(5).
135
Let r(l) = -35*l**2 - 427*l - 80. Give r(-12).
4
Let r(d) = 4*d + 88. Give r(15).
148
Let c(g) = -g**3 + 14*g**2 - 8*g + 19. What is c(9)?
352
Let p(r) = 116*r + 22. Calculate p(-2).
-210
Let v(l) = -2*l**3 - 170*l**2 - 321*l + 895. Give v(-83).
-18
Let b(d) = -17*d - 551. Determine b(-33).
10
Let j(u) = u**2 + 36*u - 555. What is j(-49)?
82
Let m(s) = 10*s + 18. Determine m(20).
218
Let s(w) = 6*w + 80. Give s(10).
140
Let d(c) = 2*c**3 - 38*c**2 - 82*c - 55. Give d(21).
-13
Let x(d) = -48*d - 270. Calculate x(-6).
18
Let q(r) = -r**3 - 26*r**2 + 413*r - 63. Give q(11).
3
Let l(g) = -91*g - 339. Calculate l(-7).
298
Let l(h) = -15*h**2 + 9*h - 13. What is l(2)?
-55
Let j(n) = -n**2 - 18*n - 13. What is j(-16)?
19
Let d(s) = -s**3 - 54*s**2 + 153*s + 2306. What is d(-56)?
10
Let u(m) = -223*m - 966. Calculate u(-6).
372
Let n(s) = -4254*s + 46788. What is n(11)?
-6
Let h(l) = -137*l - 671. Calculate h(-6).
151
Let k(a) = -a**2 - 38*a + 574. What is k(12)?
-26
Let b(t) = -1037*t - 7422. Determine b(-7).
-163
Let a(m) = 6*m**3 - m**2 - 47*m + 90. Give a(2).
40
Let a(r) = 97*r**2 - 369*r + 230. Determine a(3).
-4
Let w(f) = -f**2 - 126*f - 2601. Give w(-100).
-1
Let c(u) = -u**3 - 55*u**2 - 98*u + 14. Calculate